d = -3*g + g + 110. What is the highest common divisor of g and 5?
5
Suppose 0 = -5*p - 2*n + 23, -2*p = -3*p - 4*n + 19. Let v(y) = -8*y + 1. Let c be v(-1). What is the highest common divisor of p and c?
3
Suppose 0*y - 3*y = -4*u - 524, 2*u = -5*y + 830. What is the highest common divisor of 21 and y?
21
Let s(j) be the first derivative of j**2 + 5*j - 1. Let d(t) = t**2 - 4. Let z be d(-3). Let y be s(z). What is the highest common divisor of y and 15?
15
Let l(v) = 12*v + 2. Let f = 7 - 4. Let c = 0 + f. Let g be l(c). Calculate the highest common divisor of 57 and g.
19
Suppose -4*o + 3 = -5. Let a be (3 - 2 - o)/(-1). What is the highest common factor of 5 and a?
1
Let q(l) = 13*l + 1. Let p be q(16). Calculate the highest common divisor of p and 19.
19
Let c(o) = -o**3 + 6*o**2 - 4*o - 1. Let u be c(5). Let x be (-7)/((4 - 2)/2). Let a = 9 + x. Calculate the highest common factor of u and a.
2
Suppose -v - v + 2 = 0. Let c be 4/10 + 9/15. What is the greatest common divisor of c and v?
1
Suppose 0 = -4*x + 12, -n + 2*x + 2 = 8. Let c be 9 - (n + 0) - 1. Let p be 39/(-2)*c/(-6). What is the highest common factor of 65 and p?
13
Let t(n) = 7*n**2 - 16*n + 25. Let i(u) = -4*u**2 + 8*u - 13. Let x(w) = 5*i(w) + 3*t(w). Let q be x(10). Calculate the highest common divisor of 20 and q.
10
Suppose -m = 3*f - 0*f + 3, -9 = -3*m - 3*f. Suppose -5*k + 57 = -3*h, -k + m = 2*h - 8. What is the highest common divisor of k and 132?
12
Let o(h) = h**3 + h**2. Let z be o(0). Suppose -5*q + 26 = 3*r + 6, -r - 5*q = z. Calculate the highest common factor of 4 and r.
2
Let a be (7 + -17)/((-3)/15). Calculate the greatest common factor of a and 10.
10
Let f = 13 - 6. Let c be 4/14 + 180/f. Calculate the greatest common factor of 65 and c.
13
Let l be -2 + 4*(1 + 0). Suppose -7*h + l*h = -10. Suppose -4*g = z - 24, z = -5*g - 4 + 33. What is the greatest common factor of h and z?
2
Let n be (-344)/(-28) + 16/(-56). Suppose l = c + 3, 0 = 3*c - 4*c - 3*l - 7. Let a = n + c. Calculate the greatest common factor of a and 1.
1
Suppose -4*i = -5*l + 49, 0*l - 3*l - 5*i = -22. Let x(f) = -f**3 + 8*f**2. Let p be x(6). What is the greatest common factor of p and l?
9
Let f(b) = -2*b - 9. Let g be f(-6). Let s(p) = -g*p + 1 - p**2 - 5*p + 0*p. Let w be s(-8). Calculate the greatest common factor of 2 and w.
1
Let g be 312/10 - 1/5. Calculate the greatest common factor of g and 279.
31
Let h = 7 - -19. Let j = 88 + -23. Calculate the greatest common factor of j and h.
13
Let c = 2 - 3. Let w be (-5)/(-3) - c/3. Let u = 240 - 239. What is the greatest common factor of u and w?
1
Let r be -3*(28/(-6) + -2). Calculate the highest common divisor of 50 and r.
10
Suppose 0 = 3*m + 9, -2*t + 0*m - 2*m - 2 = 0. Let k(a) = -a**3 + 5*a**2 + a - 1. Let g be k(5). Calculate the greatest common factor of t and g.
2
Suppose 0 = -5*w - k + 41, 2*w - k = w + 7. Calculate the highest common factor of 2 and w.
2
Let s(j) = 1025*j**3 + 2*j - 1. Let x be s(1). Let l be x/4*36/54. Calculate the highest common factor of 19 and l.
19
Let l(w) = 7*w**2 - 3*w + 2. Let x be l(2). Let o be 324/(-3)*2/(-3). Calculate the greatest common factor of x and o.
24
Let l(d) = -30*d - 5. Let a be l(-1). What is the greatest common factor of a and 200?
25
Suppose g = 4 + 6. Suppose 0 = 3*b - 3 + 6. Let y be b/(-3) - 209/(-3). Calculate the highest common divisor of y and g.
10
Suppose -369 = 5*o - 929. Let y = -86 - -59. Let l = -11 - y. Calculate the highest common factor of o and l.
16
Let y be 2/(-3)*(-18)/4. Suppose -l + 56 = -4*i, -3*l = y*i + 2*i - 83. Calculate the highest common factor of l and 24.
12
Suppose 3*j + 5*f - f - 42 = 0, -j + 14 = 5*f. What is the highest common divisor of 98 and j?
14
Suppose n = -n + 66. Let u = -16 + n. Calculate the highest common factor of 136 and u.
17
Let y(r) = 6*r - 1. Let z be y(2). Calculate the highest common divisor of 121 and z.
11
Let b(u) = -u**3 - 7*u**2 - 9*u - 1. Let a be b(-6). What is the highest common divisor of 17 and a?
17
Suppose -21 = -i + 9. Let h be 2/4 + (-39)/(-2). Calculate the highest common factor of h and i.
10
Let j(x) = x**3 - 13*x**2 - 15*x + 20. Let l be j(14). What is the greatest common divisor of 2 and l?
2
Let r be 35/4 - (-3)/12. Calculate the highest common divisor of r and 207.
9
Suppose 0 = 5*h - h + 3*i - 140, 2*h - 2*i = 70. Suppose -3*f = 4*a - 41, a + 4*f + 16 = 10. What is the greatest common factor of a and h?
7
Let l = 37 - 1. What is the greatest common divisor of 12 and l?
12
Let y = -2 + 4. Suppose y*x - 4 = -0*x. Calculate the highest common divisor of 5 and x.
1
Let r = -1 - -7. Let n be 14/(0 + r/3). Calculate the greatest common factor of n and 49.
7
Let k be (1*-3)/((-3)/2). Suppose 0 = y + p - 74, k*p - 217 = -3*y + 8. Calculate the highest common factor of y and 7.
7
Let s = 49 - 30. What is the highest common divisor of 133 and s?
19
Suppose 0*r = 4*r - 4*w - 32, 4*r + 2*w = 2. Suppose r*y - 235 = 5*h - 82, 3*y - 4*h - 156 = 0. Calculate the highest common divisor of 14 and y.
14
Let t be 2/5 + 6/10. Let r(h) = h**3 + 7*h**2 + 6*h + 7. Let q = -11 - -5. Let u be r(q). What is the highest common factor of u and t?
1
Let f be ((-96)/(-20))/((-6)/(-20)). What is the highest common divisor of f and 24?
8
Let y = -43 + 44. What is the greatest common factor of y and 2?
1
Suppose -m + 40 = 4. Let h(f) = f**2. Let s be h(-2). What is the highest common factor of m and s?
4
Let m = -340 + 494. Calculate the greatest common factor of m and 28.
14
Let g(h) = -h**2 - 10*h + 8. Let q be g(-8). Suppose 30 = 3*a - q. Calculate the highest common factor of 126 and a.
18
Suppose 0*r = r - 17. Calculate the greatest common divisor of r and 34.
17
Suppose 3*v + v = 8. Let x(j) = -j - 6. Let w be x(-7). Let t be -2*(w + -8*1). What is the greatest common factor of v and t?
2
Let a = 12 - 21. Let k(j) = 2*j**2 + 7*j - 11. Let u be k(a). What is the greatest common divisor of u and 11?
11
Let r be ((-3)/(-2))/((-18)/(-84)). Let s be 702/r - 4/14. Suppose 4*y + 21 - 83 = 2*l, -5*y = 5*l - s. Calculate the highest common divisor of 187 and y.
17
Suppose -q + 4*a + 14 = -10, -3*q - 5*a = -4. Suppose -12 = -4*r - w, 0 = -q*r + 4*r - 2*w + 16. Calculate the greatest common factor of r and 10.
2
Let k be (-668)/(-14) - (-18)/63. Calculate the greatest common factor of 64 and k.
16
Let d = -14 - -26. What is the highest common factor of 84 and d?
12
Suppose -3*a = 4*c - 358, -2*c + 5*a + 83 = -83. Let j = 1 + -1. Suppose j = -5*b - 12 + 67. What is the highest common factor of c and b?
11
Let x be (-2)/4 + 35/10. Suppose x*d - 2*v = 27, 44 - 1 = 4*d - 5*v. Calculate the highest common factor of d and 77.
7
Let o be 6/(-4) + 35/2. What is the highest common factor of 4 and o?
4
Let d be (2/4)/((-4)/(-1016)). Let g = -85 + d. What is the highest common factor of 105 and g?
21
Let i(u) = u**2 - 3*u - 4. Let w be i(6). Suppose -6 = -3*g + g. Suppose 45 - g = x. What is the greatest common divisor of w and x?
14
Let l = -8 - -12. Let h = -3 + 5. Suppose -2*b + 23 = -5*n + h*n, 0 = 5*b + 3*n - 5. What is the greatest common divisor of l and b?
4
Let h be (1 - 2)/(3/(-15)). Let v = 67 + h. What is the greatest common divisor of v and 8?
8
Let a = 9 + -4. Suppose 2*t + 1 = -2*t - a*n, -22 = -2*t + 2*n. What is the greatest common factor of t and 12?
6
Suppose 0 = -3*c - 18. Let n(f) = -3*f - 14. Let y be n(c). What is the greatest common divisor of 12 and y?
4
Suppose -48 = -3*a - 4*y, 5*a - 106 = -y + 3*y. Suppose 4 = -u + a. What is the highest common factor of u and 40?
8
Let s(d) = d**3 + 2*d**2 - 5*d - 4. Let r = 4 - 7. Let l be s(r). Suppose 9 = l*a - 11. Calculate the highest common divisor of 10 and a.
10
Suppose 8*k = 9*k - 15. Let g = -16 - -22. Calculate the highest common factor of k and g.
3
Let k(t) be the second derivative of t**5/20 + 11*t**4/12 - 2*t**3 + 11*t**2/2 + 2*t. Let m be k(-12). Calculate the greatest common divisor of m and 1.
1
Suppose -81 - 45 = -b + 4*w, -3*b + 5*w + 357 = 0. Let u = b + -74. Let y = -4 - -12. What is the greatest common factor of u and y?
8
Suppose h = 5*k - 317 - 109, 0 = 4*k + 4*h - 336. Let r be (k/(-68))/((-1)/112). Calculate the greatest common divisor of r and 20.
20
Suppose -1